alculate the remainder when 193 is divided by w(9).
13
Suppose 0 = -a + c + 6, 4*a - 28 = -c + 3*c. Calculate the remainder when a/(-48) + 109/6 is divided by 11.
7
Let r = 110 - 120. Let s = r - -15. Calculate the remainder when 29 is divided by s.
4
Let d = 2468 + -2235. What is the remainder when d is divided by 78?
77
Suppose i = 6*i - 20. Suppose 5 = i*l - 51. Let u = 220 - 212. Calculate the remainder when l is divided by u.
6
Let z(l) = l**3 + 5*l**2 + 2*l + 4. Let b be (5 + -1 + -3)*-4. Let d be z(b). Suppose h - d = -2. Calculate the remainder when h is divided by 6.
4
Let n = -11 + 16. Suppose -138 = -n*x + 12. Let g(d) = 2*d + 2. Calculate the remainder when x is divided by g(3).
6
Let w = 151 + -92. Suppose -53 = -3*m + 4*d, 2*m - 2*d - 34 = -0*d. Calculate the remainder when w is divided by m.
14
Let y = 51 + -46. Let a(d) = 2*d**2 + 2*d - 3. Let k be a(2). Let w = -1 + k. What is the remainder when w is divided by y?
3
Let f(w) = 2*w + 50. Let v be f(-24). Suppose 5*p - 28 - 12 = 0. Suppose 2*g = -a + p, 2*a - 11 = -g + v. Calculate the remainder when 23 is divided by a.
5
Suppose -4 = -f + x + 3*x, -4 = 5*f + 4*x. Suppose f = 2*b - 12 + 10. Let y(w) = w. Calculate the remainder when b is divided by y(1).
0
Let h(g) = 7*g - 9*g + 0*g + 15*g. Let o be h(1). Suppose -4*y = 5*c - 16 - o, c = 2*y - 25. Calculate the remainder when 19 is divided by y.
8
Let v be 5/(-1) + (3 - -2)/(-5). What is the remainder when (1 + 18/v)*382/(-4) is divided by 64?
63
Let u(n) = 4*n**2 + 53*n - 35. Calculate the remainder when u(-14) is divided by ((-3)/(-6))/(2/8).
1
Suppose -5*s + 7*d = 3*d - 90, -2*s = -2*d - 36. Let g(b) = -6*b**2 + 6 - 4 + 7*b**2 + 6*b**3 - 2*b**2. Calculate the remainder when s is divided by g(1).
4
Let o = 5 + -8. Let c = -139 - -232. What is the remainder when c is divided by (-71)/o - 2/(-6)?
21
Let c = -3048 + 3075. Suppose -h = -0*h - 7. What is the remainder when c is divided by h?
6
Suppose -9 = 4*j - 5*j. Suppose -j*v + 58 = -7*v. Suppose -v = -2*h - t, 2*h - 6*t - 54 = -2*t. What is the remainder when 32 is divided by h?
15
Let o(g) be the first derivative of -g**2 + 3*g - 41. Calculate the remainder when 31 is divided by o(-8).
12
Suppose -4*h = -3*h + j - 44, -4*h + 3*j + 176 = 0. Let y = 74 + -62. Calculate the remainder when h is divided by y.
8
Let k be -26 + (-1)/((-1)/((-8)/4)). Calculate the remainder when 99 is divided by 6 + (0 - k) + -1 + 1.
31
Let b = -105 + 159. Let a = -38 + b. Suppose 2*z - 3*m - 5 = -8*m, 4*m - a = -4*z. Calculate the remainder when 14 is divided by z.
4
Suppose a = 5*a - 3*i + 2, -a + 5 = 2*i. Let o = a + 4. Calculate the remainder when 19 is divided by o.
4
Suppose 0 = 16*l - 7666 - 558. Calculate the remainder when l is divided by 12.
10
Suppose 34 = 22*k - 54. Calculate the remainder when 61 is divided by k.
1
Let t(h) = -h**3 - 11*h**2 - 18*h + 2. Calculate the remainder when 4 is divided by t(-9).
0
Suppose -21 + 53 = 2*m. Suppose -p + 5*p + t = m, -2*t = 0. Suppose v = p, 5*v + 64 = 4*q + 2*v. What is the remainder when q is divided by 5?
4
Let k(q) = 2*q + 4. Let t be k(-2). Let o(a) = a**2 - 2*a + 3. Let i be o(t). Suppose -12 = -i*f - 0. Calculate the remainder when f is divided by 3.
1
Let i be (-1)/((-436)/432 + 1). Suppose -2*b - 12 - 56 = -3*p, -i = -5*p - 2*b. Calculate the remainder when 79 is divided by p.
13
Let s(m) = 17*m - 2. Let q be 18/(-2) - (-8)/2*1. What is the remainder when s(3) is divided by (-321)/(-15) - -5 - (-2)/q?
23
Let z = -631 - -865. What is the remainder when z is divided by 31?
17
Let c(f) = -f**3 + 13*f**2 - 29*f + 28. Let l = -22 + 39. Calculate the remainder when c(10) is divided by l.
4
Calculate the remainder when 6/((-108)/138)*-6 is divided by 11.
2
Suppose -147 = -3*d - 48. What is the remainder when d is divided by 17?
16
Suppose -v = -2*v + 225. Suppose 66 = -3*b + 5*b - 4*o, -v = -5*b - 2*o. What is the remainder when b is divided by 23?
20
Let f(b) = -b**3 - 5*b**2 - 13*b - 14. Suppose 18*g = 17*g - 6. What is the remainder when f(g) is divided by 21?
16
Suppose -14*a + 17*a - 6 = 0. What is the remainder when 44 is divided by (-3 + 0)*2/(a/(-5))?
14
Let l = -1 + -8. Let g = -11 - l. What is the remainder when 3 + (-3 - g) + 8 is divided by 4?
2
Let l = -643 - -665. Calculate the remainder when l is divided by 12.
10
Let u(r) = -21*r. Let p be u(1). Suppose 22*s = 605 - 33. Let l = p + s. What is the remainder when l is divided by 3?
2
What is the remainder when 199 is divided by (-2626)/(-52) - 4/8?
49
Let f = -2 + 63. Let k = f - 8. What is the remainder when k is divided by 14?
11
Let x = 22 - 28. Let r(m) = -m**3 - 5*m**2 + 7*m + 5. Let v be r(x). What is the remainder when 22 is divided by -1*14*v/2?
1
Let b be ((-4)/2)/((5/47)/5). Let z = b - -110. Let p = 164 - 102. Calculate the remainder when p is divided by z.
14
Let d(p) = -p**3 + 8*p**2 + 13*p - 27. Calculate the remainder when 106 is divided by d(9).
7
Suppose -4*c + 7*c = -3*q + 33, 5*c + 57 = 3*q. Calculate the remainder when 220 is divided by q.
10
Let v = 7 - 1. Let o be (-3)/(9/(-12)) - 42. Let y = 52 + o. What is the remainder when y is divided by v?
2
Suppose 22*i + 8 = 18*i. Let o(d) = -21*d + 2. What is the remainder when o(i) is divided by 9?
8
Let n = 20 + -8. Let c(g) be the second derivative of g**4/12 - 5*g**3/3 + 10*g**2 + g. What is the remainder when c(10) is divided by n?
8
Suppose 520 = 23*x - 285. What is the remainder when 66 is divided by x?
31
Suppose 5*u + 18 = -2*a + 67, -85 = -5*a - 5*u. Calculate the remainder when 155 is divided by a.
11
Let l(t) = -t**2 + 6*t - 11. Let v be l(6). Let m = -11 - v. Let d = 9 + m. What is the remainder when 26 is divided by d?
8
Let l(t) = t**2 - 12*t + 7. Let z = 34 - 21. Suppose -77 = -g - 0*g. What is the remainder when g is divided by l(z)?
17
Let f = 240 + -532. Let u = f + 301. What is the remainder when (-7)/(-2)*10 + -1 is divided by u?
7
Let l = 46 - 72. Let v = 89 - l. Calculate the remainder when v is divided by 17.
13
Let f(k) = -k**2 + 11*k + 49. What is the remainder when f(0) is divided by 9?
4
Let v(t) = -26*t - 1042. Calculate the remainder when v(-56) is divided by 47.
38
Let v = 14 - -6. Let y(i) = 2*i - 29. Suppose -4*r + 4*j + 178 = 42, -2*j + 22 = r. Calculate the remainder when r is divided by y(v).
8
Let n(m) = 51*m + 23. Let j(p) = -26*p - 11. Let g(f) = 11*j(f) + 6*n(f). What is the remainder when g(5) is divided by 15?
12
Suppose 2*p = 2*b - 6, 6*b + 2*p - 36 = b. Let c = 6 + b. Calculate the remainder when (-321)/(-9) + 4/c is divided by 10.
6
Let q = 63 + -27. Suppose -m - 2*m + q = 0. Calculate the remainder when m is divided by 4/6 + (-114)/(-18).
5
Let w = 112 + -110. What is the remainder when 51 is divided by 11 - (w - 2) - -2?
12
Let s(w) = -w**3 - 13*w**2 + w + 16. Let z be s(-13). Let p be (-3)/(z + (-81)/30). Calculate the remainder when 55 is divided by (84/30)/((-2)/p).
13
What is the remainder when (-9)/12 + (357/(-4))/(-3) is divided by 16?
13
Calculate the remainder when ((-43)/129)/((-2)/510) is divided by 11.
8
Suppose -2*x = -5*x + 849. What is the remainder when x is divided by 71?
70
Let f = -47 + 58. Let j = 38 - f. Suppose 0*c = c - 80. Calculate the remainder when c is divided by j.
26
Calculate the remainder when 184 is divided by (-4)/(-40)*5*(-2 - -78).
32
Let s = -164 - -237. What is the remainder when s is divided by 16?
9
Let x(i) = 33*i. Suppose -22*q + 36*q = 140. What is the remainder when x(3) is divided by q?
9
Suppose 2*a - 72 = -a. Calculate the remainder when 646 is divided by a.
22
Let n(q) be the third derivative of q**6/15 - q**5/20 + q**4/24 + q**3/6 + 2*q**2. Let x = 20 + -6. Calculate the remainder when n(2) is divided by x.
13
Let d(n) = 4*n - n + 0*n - 4 + n**2. Suppose -3*f + 54 = 15*f. What is the remainder when d(-5) is divided by f?
0
Suppose -3*i + 4*t + 757 = 0, 2*t = 5*i - 3*i - 504. Calculate the remainder when i is divided by 28.
27
Suppose 3*h - 235 = -6*f + f, 5*h = f + 373. What is the remainder when h is divided by 11?
9
Suppose 4*h - 9 + 1 = 0. Suppose 8*f - 300 = h*f. Calculate the remainder when f is divided by 26.
24
Let u be 4 + (4 - 2) - -2. Suppose -3*k = -4*f - u*k + 29, 39 = 3*f - 2*k. What is the remainder when f i